 is divided by 108?
107
Calculate the remainder when 58 is divided by 16.
10
Calculate the remainder when 3187 is divided by 168.
163
What is the remainder when 89 is divided by 49?
40
Calculate the remainder when 108 is divided by 37.
34
What is the remainder when 85 is divided by 81?
4
Calculate the remainder when 700 is divided by 31.
18
Calculate the remainder when 1221 is divided by 1208.
13
What is the remainder when 252 is divided by 16?
12
What is the remainder when 539 is divided by 54?
53
Calculate the remainder when 5192 is divided by 98.
96
Calculate the remainder when 66 is divided by 21.
3
Calculate the remainder when 158 is divided by 34.
22
Calculate the remainder when 1895 is divided by 112.
103
What is the remainder when 479 is divided by 44?
39
Calculate the remainder when 16928 is divided by 11.
10
Calculate the remainder when 1223 is divided by 249.
227
Calculate the remainder when 593 is divided by 21.
5
Calculate the remainder when 1483 is divided by 14.
13
What is the remainder when 496 is divided by 125?
121
What is the remainder when 1785 is divided by 10?
5
What is the remainder when 167 is divided by 54?
5
What is the remainder when 80 is divided by 47?
33
What is the remainder when 2221 is divided by 11?
10
What is the remainder when 191 is divided by 6?
5
Calculate the remainder when 5278 is divided by 20.
18
Calculate the remainder when 821 is divided by 14.
9
Calculate the remainder when 208 is divided by 123.
85
Calculate the remainder when 637 is divided by 64.
61
Calculate the remainder when 113 is divided by 42.
29
Calculate the remainder when 194 is divided by 5.
4
Calculate the remainder when 218 is divided by 13.
10
Calculate the remainder when 47 is divided by 22.
3
What is the remainder when 782 is divided by 389?
4
Calculate the remainder when 314 is divided by 6.
2
Calculate the remainder when 473 is divided by 241.
232
What is the remainder when 452 is divided by 53?
28
What is the remainder when 118 is divided by 45?
28
What is the remainder when 757 is divided by 61?
25
Calculate the remainder when 1355 is divided by 9.
5
What is the remainder when 304 is divided by 6?
4
What is the remainder when 109 is divided by 45?
19
Calculate the remainder when 64 is divided by 23.
18
Calculate the remainder when 119 is divided by 11.
9
What is the remainder when 436 is divided by 19?
18
Calculate the remainder when 1445 is divided by 173.
61
Calculate the remainder when 442 is divided by 112.
106
What is the remainder when 2722 is divided by 12?
10
Calculate the remainder when 18475 is divided by 62.
61
Calculate the remainder when 822 is divided by 403.
16
Calculate the remainder when 2120 is divided by 29.
3
Calculate the remainder when 14 is divided by 8.
6
Calculate the remainder when 33369 is divided by 54.
51
Calculate the remainder when 613 is divided by 589.
24
Calculate the remainder when 87 is divided by 49.
38
Calculate the remainder when 1371 is divided by 345.
336
What is the remainder when 1114 is divided by 366?
16
Calculate the remainder when 351 is divided by 77.
43
Calculate the remainder when 640 is divided by 79.
8
What is the remainder when 291 is divided by 59?
55
Calculate the remainder when 586 is divided by 43.
27
Calculate the remainder when 334 is divided by 14.
12
Calculate the remainder when 200 is divided by 15.
5
Calculate the remainder when 367 is divided by 120.
7
What is the remainder when 647 is divided by 29?
9
Calculate the remainder when 1133 is divided by 16.
13
What is the remainder when 493 is divided by 162?
7
What is the remainder when 746 is divided by 28?
18
What is the remainder when 13109 is divided by 114?
113
What is the remainder when 52 is divided by 47?
5
Calculate the remainder when 127 is divided by 26.
23
Calculate the remainder when 1713 is divided by 78.
75
Calculate the remainder when 1709 is divided by 57.
56
What is the remainder when 290 is divided by 11?
4
What is the remainder when 255 is divided by 22?
13
Calculate the remainder when 42 is divided by 23.
19
What is the remainder when 97 is divided by 20?
17
Calculate the remainder when 252 is divided by 11.
10
Calculate the remainder when 2319 is divided by 93.
87
Calculate the remainder when 13 is divided by 8.
5
What is the remainder when 11891 is divided by 15?
11
Calculate the remainder when 300 is divided by 96.
12
Calculate the remainder when 342 is divided by 133.
76
What is the remainder when 2091 is divided by 93?
45
Calculate the remainder when 54 is divided by 4.
2
Calculate the remainder when 604 is divided by 150.
4
What is the remainder when 503 is divided by 122?
15
Calculate the remainder when 732 is divided by 16.
12
Calculate the remainder when 12095 is divided by 9.
8
What is the remainder when 128 is divided by 26?
24
What is the remainder when 3074 is divided by 53?
0
What is the remainder when 163 is divided by 38?
11
Calculate the remainder when 1395 is divided by 232.
3
What is the remainder when 6286 is divided by 8?
6
Calculate the remainder when 214 is divided by 8.
6
What is the remainder when 4567 is divided by 42?
31
Calculate the remainder when 318 is divided by 300.
18
Calculate the remainder when 214 is divided by 48.
22
What is the remainder when 60 is divided by 36?
24
Calculate the remainder when 1533 is divided by 48.
45
Calculate the remainder when 525 is divided by 134.
123
What is the remainder when 67 is divided by 18?
13
Calculate the remainder when 185 is divided by 45.
5
What is the remainder when 1040 is divided by 87?
83
Calculate the remainder when 1010 is divided by 497.
16
Calculate the remainder when 1003 is divided by 6.
1
What is the remainder when 3943 is divided by 188?
183
What is the remainder when 1040 is divided by 12?
8
What is the remainder when 725 is divided by 104?
101
Calculate the remainder when 2752 is divided by 29.
26
Calculate the remainder when 756 is divided by 10.
6
Calculate the remainder when 611 is divided by 202.
5
Calculate the remainder when 149 is divided by 15.
14
What is the remainder when 34 is divided by 12?
10
What is the remainder when 2412 is divided by 23?
20
Calculate the remainder when 291 is divided by 83.
42
What is the remainder when 198 is divided by 61?
15
Calculate the remainder when 50 is divided by 15.
5
Calculate the remainder when 100 is divided by 19.
5
Calculate the remainder when 232 is divided by 26.
24
What is the remainder when 74 is divided by 19?
17
Calculate the remainder when 1417 is divided by 29.
25
Calculate the remainder when 3314 is divided by 13.
12
What is the remainder when 187 is divided by 7?
5
What is the remainder when 66 is divided by 14?
10
What is the remainder when 44 is divided by 23?
21
Calculate the remainder when 294 is divided by 43.
36
Calculate the remainder when 58 is divided by 12.
10
What is the remainder when 303 is divided by 298?
5
Calculate the remainder when 4291 is divided by 10.
1
Calculate the remainder when 146 is divided by 74.
72
Calculate the remainder when 828 is divided by 413.
2
What is the remainder when 114 is divided by 58?
56
Calculate the remainder when 26 is divided by 9.
8
What is the remainder when 432 is divided by 169?
94
What is the remainder when 305 is divided by 103?
99
Calculate the remainder when 252 is divided by 246.
6
What is the remainder when 246 is divided by 50?
46
Calculate the remainder when 30860 is divided by 48.
44
Calculate the remainder when 343 is divided by 47.
14
What is the remainder when 140 is divided by 35?
0
What is the remainder when 359 is divided by 347?
12
Calculate the remainder when 5769 is divided by 76.
69
What is the remainder when 113 is divided by 38?
37
Calculate the remainder when 63 is divided by 49.
14
Calculate the remainder when 27 is divided by 10.
7
What is the remainder when 22 is divided by 6?
4
Calculate the remainder when 1486 is divided by 72.
46
What is the remainder when 89 is divided by 31?
27
Calculate the remainder when 1463 is divided by 723.
17
What is the remainder when 360 is divided by 22?
8
Calculate the remainder when 1814 is divided by 20.
14
Calculate the remainder when 471 is divided by 21.
9
Calculate the remainder when 279 is divided by 20.
19
Calculate the remainde